is the tens digit of 1702?
0
What is the thousands digit of 2318?
2
What is the tens digit of 935?
3
What is the hundreds digit of 338?
3
What is the hundred thousands digit of 138882?
1
What is the units digit of 1531?
1
What is the thousands digit of 1682?
1
What is the ten thousands digit of 27785?
2
What is the hundreds digit of 493?
4
What is the units digit of 16971?
1
What is the tens digit of 1921?
2
What is the units digit of 59079?
9
What is the tens digit of 5164?
6
What is the units digit of 51137?
7
What is the thousands digit of 21710?
1
What is the tens digit of 789?
8
What is the hundreds digit of 17765?
7
What is the tens digit of 4150?
5
What is the units digit of 17271?
1
What is the tens digit of 34416?
1
What is the units digit of 206?
6
What is the hundreds digit of 19935?
9
What is the tens digit of 17929?
2
What is the ten thousands digit of 37848?
3
What is the units digit of 6753?
3
What is the tens digit of 1671?
7
What is the tens digit of 588?
8
What is the hundred thousands digit of 112918?
1
What is the units digit of 57549?
9
What is the tens digit of 64?
6
What is the tens digit of 1421?
2
What is the tens digit of 204?
0
What is the thousands digit of 16920?
6
What is the units digit of 1792?
2
What is the units digit of 688?
8
What is the tens digit of 1776?
7
What is the ten thousands digit of 13311?
1
What is the thousands digit of 6177?
6
What is the thousands digit of 26594?
6
What is the units digit of 979?
9
What is the tens digit of 164?
6
What is the tens digit of 378?
7
What is the units digit of 1396?
6
What is the units digit of 862?
2
What is the units digit of 8705?
5
What is the tens digit of 89362?
6
What is the ten thousands digit of 13448?
1
What is the hundreds digit of 8555?
5
What is the hundreds digit of 4877?
8
What is the units digit of 7119?
9
What is the thousands digit of 2628?
2
What is the thousands digit of 6395?
6
What is the units digit of 6360?
0
What is the units digit of 121?
1
What is the hundreds digit of 88592?
5
What is the tens digit of 45?
4
What is the hundreds digit of 1340?
3
What is the hundreds digit of 9584?
5
What is the units digit of 844?
4
What is the tens digit of 636?
3
What is the units digit of 1753?
3
What is the tens digit of 10973?
7
What is the thousands digit of 57798?
7
What is the tens digit of 19598?
9
What is the tens digit of 294?
9
What is the hundreds digit of 532?
5
What is the units digit of 3046?
6
What is the ten thousands digit of 93123?
9
What is the tens digit of 57455?
5
What is the hundreds digit of 15330?
3
What is the tens digit of 2481?
8
What is the hundreds digit of 15399?
3
What is the hundreds digit of 17591?
5
What is the tens digit of 1745?
4
What is the hundreds digit of 9516?
5
What is the tens digit of 32491?
9
What is the ten thousands digit of 10665?
1
What is the tens digit of 5497?
9
What is the units digit of 9945?
5
What is the units digit of 2064?
4
What is the tens digit of 1115?
1
What is the units digit of 7223?
3
What is the units digit of 79126?
6
What is the tens digit of 72272?
7
What is the hundreds digit of 2805?
8
What is the tens digit of 7671?
7
What is the thousands digit of 5184?
5
What is the units digit of 1783?
3
What is the hundreds digit of 861?
8
What is the units digit of 1133?
3
What is the hundreds digit of 85449?
4
What is the hundreds digit of 1538?
5
What is the units digit of 42050?
0
What is the hundreds digit of 94218?
2
What is the hundreds digit of 71667?
6
What is the ten thousands digit of 23874?
2
What is the tens digit of 24281?
8
What is the thousands digit of 23064?
3
What is the ten thousands digit of 15132?
1
What is the thousands digit of 46405?
6
What is the hundreds digit of 53774?
7
What is the thousands digit of 1939?
1
What is the ten thousands digit of 15003?
1
What is the hundreds digit of 26491?
4
What is the units digit of 327?
7
What is the hundreds digit of 2314?
3
What is the hundreds digit of 9174?
1
What is the hundreds digit of 846?
8
What is the tens digit of 469?
6
What is the units digit of 923?
3
What is the thousands digit of 21539?
1
What is the units digit of 6947?
7
What is the hundreds digit of 674?
6
What is the thousands digit of 21541?
1
What is the hundreds digit of 19101?
1
What is the units digit of 390?
0
What is the tens digit of 30263?
6
What is the hundreds digit of 919?
9
What is the tens digit of 2314?
1
What is the ten thousands digit of 17409?
1
What is the units digit of 908?
8
What is the tens digit of 1083?
8
What is the tens digit of 194?
9
What is the thousands digit of 3240?
3
What is the tens digit of 794?
9
What is the ten thousands digit of 38808?
3
What is the units digit of 658?
8
What is the tens digit of 13141?
4
What is the tens digit of 2201?
0
What is the hundreds digit of 16211?
2
What is the thousands digit of 1787?
1
What is the thousands digit of 2154?
2
What is the units digit of 65520?
0
What is the tens digit of 51440?
4
What is the units digit of 31141?
1
What is the thousands digit of 5120?
5
What is the units digit of 28333?
3
What is the hundreds digit of 12954?
9
What is the tens digit of 3464?
6
What is the hundreds digit of 118458?
4
What is the hundreds digit of 2932?
9
What is the tens digit of 3325?
2
What is the ten thousands digit of 24813?
2
What is the hundreds digit of 2048?
0
What is the hundreds digit of 42163?
1
What is the thousands digit of 86250?
6
What is the tens digit of 1004?
0
What is the units digit of 422?
2
What is the units digit of 1025?
5
What is the tens digit of 4376?
7
What is the thousands digit of 5978?
5
What is the tens digit of 4471?
7
What is the ten thousands digit of 132180?
3
What is the ten thousands digit of 31697?
3
What is the hundreds digit of 28465?
4
What is the units digit of 8588?
8
What is the ten thousands digit of 33881?
3
What is the hundred thousands digit of 134522?
1
What is the tens digit of 6397?
9
What is the thousands digit of 3823?
3
What is the units digit of 4199?
9
What is the tens digit of 642?
4
What is the units digit of 1652?
2
What is the hundreds digit of 61076?
0
What is the hundreds digit of 1163?
1
What is the hundreds digit of 6343?
3
What is the units digit of 58326?
6
What is the tens digit of 4007?
0
What is the hundreds digit of 2038?
0
What is the thousands digit of 2825?
2
What is the hundreds digit of 1388?
3
What is the units digit of 38381?
1
What is the tens digit of 875?
7
What is the thousands digit of 2743?
2
What is the tens digit of 28370?
7
What is the units digit of 30548?
8
What is the tens digit of 240?
4
What is the units digit of 53446?
6
What is the hundreds digit of 8839?
8
What is the hundreds digit of 1659?
6
What is the hundreds digit of 2010?
0
What is the thousands digit of 3101?
3
What is the tens digit of 5660?
6
What is the hundreds digit of 79443?
4
What is the hundreds digit of 65059?
0
What is the units digit of 718?
8
What is the thousands digit of 2337?
2
What is the ten thousands digit of 81457?
8
What is the hundreds digit of 20438?
4
What is the hundreds digit of 4913?
9
What is the tens digit of 3874?
7
What is the tens digit of 1102?
0
What is the hundreds digit of 10184?
1
What is the hundreds digit of 9886?
8
What is the thousands digit of 7144?
7
What is the units digit of 20763?
3
What is the ten thousands digit of 42227?
4
What is the units digit of 119805?
5
What is the tens digit of 1239?
3
What is the hundreds digit of 351?
3
What is the thousands digit of 1026?
1
What is the units digit of 5613?
3
What is the thousands digit of 49688?
9
What is the tens digit of 31617?
1
What is the tens digit of 1710?
1
What is the ten thousands digit of 13543?
1
What is the tens digit of 1500?
0
What is the ten thousands digit of 32859?
3
What is the units digit of 314?
4
What is the units digit of 1546?
6
What is the tens digit of 1892?
9
What is the tens digit of 1000?
0
What is the units digit of 834?
4
What is the ten thousands digit of 29595?
2
What is the hundreds digit of 10217?
2
What is the hundreds digit of 64388?
3
What is the units digit of 5111?
1
What is the thousands digit of 18011?
8
What is the tens digit of 82222?
2
What is the tens digit of 174?
7
What is the hundreds digit of 3997?
